3866?
3
What is the hundreds digit of 140983908?
9
What is the hundred thousands digit of 56784915?
7
What is the hundred thousands digit of 4901709987?
7
What is the millions digit of 47149277?
7
What is the tens digit of 12611867?
6
What is the hundred thousands digit of 93242326?
2
What is the billions digit of 1778685913?
1
What is the ten thousands digit of 230419339?
1
What is the thousands digit of 12780988?
0
What is the millions digit of 44392444?
4
What is the millions digit of 1017023109?
7
What is the ten thousands digit of 1932787340?
8
What is the hundred millions digit of 139697367?
1
What is the ten thousands digit of 13227613?
2
What is the billions digit of 1094394646?
1
What is the millions digit of 2064155474?
4
What is the hundreds digit of 421007883?
8
What is the hundreds digit of 92654574?
5
What is the ten thousands digit of 3547228629?
2
What is the hundred millions digit of 202813660?
2
What is the hundreds digit of 52308600?
6
What is the thousands digit of 543455589?
5
What is the millions digit of 23734325?
3
What is the billions digit of 3213572676?
3
What is the ten thousands digit of 232486410?
8
What is the units digit of 578417252?
2
What is the units digit of 124365366?
6
What is the tens digit of 208252645?
4
What is the thousands digit of 17276230?
6
What is the hundred thousands digit of 1054914619?
9
What is the hundred millions digit of 1143123587?
1
What is the millions digit of 54708898?
4
What is the units digit of 48524552?
2
What is the hundreds digit of 10402882?
8
What is the ten thousands digit of 31586006?
8
What is the tens digit of 312672254?
5
What is the hundred thousands digit of 39653821?
6
What is the ten millions digit of 1882796454?
8
What is the ten millions digit of 132511067?
3
What is the hundred millions digit of 757873153?
7
What is the thousands digit of 46198385?
8
What is the units digit of 935288731?
1
What is the hundreds digit of 51133758?
7
What is the units digit of 228952347?
7
What is the millions digit of 384424933?
4
What is the thousands digit of 26658289?
8
What is the units digit of 189717790?
0
What is the units digit of 36904420?
0
What is the ten thousands digit of 46552774?
5
What is the hundreds digit of 129789664?
6
What is the hundreds digit of 5008344887?
8
What is the millions digit of 28032222?
8
What is the units digit of 2811064726?
6
What is the millions digit of 43533790?
3
What is the ten millions digit of 239305015?
3
What is the units digit of 29299825?
5
What is the hundred thousands digit of 663461493?
4
What is the hundreds digit of 230946529?
5
What is the hundred thousands digit of 84163385?
1
What is the ten millions digit of 131493726?
3
What is the units digit of 839766787?
7
What is the billions digit of 1842046722?
1
What is the tens digit of 591289268?
6
What is the hundred thousands digit of 99228604?
2
What is the billions digit of 1849793851?
1
What is the thousands digit of 157245688?
5
What is the tens digit of 49669049?
4
What is the millions digit of 31618923?
1
What is the tens digit of 255213458?
5
What is the ten thousands digit of 73193383?
9
What is the ten millions digit of 38176337?
3
What is the tens digit of 536716006?
0
What is the millions digit of 34166781?
4
What is the tens digit of 251042147?
4
What is the hundreds digit of 39296208?
2
What is the ten thousands digit of 1402936454?
3
What is the units digit of 1926163767?
7
What is the ten thousands digit of 265757?
6
What is the hundreds digit of 4146779?
7
What is the ten millions digit of 638709073?
3
What is the units digit of 712448345?
5
What is the ten thousands digit of 3428034747?
3
What is the millions digit of 148349427?
8
What is the thousands digit of 143097128?
7
What is the millions digit of 327634812?
7
What is the millions digit of 323187503?
3
What is the ten thousands digit of 78918835?
1
What is the units digit of 3310069845?
5
What is the ten thousands digit of 3266312684?
1
What is the tens digit of 85636559?
5
What is the tens digit of 52425108?
0
What is the units digit of 17809311?
1
What is the hundred thousands digit of 1486834647?
8
What is the thousands digit of 384242507?
2
What is the ten thousands digit of 92142815?
4
What is the ten millions digit of 87510037?
8
What is the millions digit of 72653341?
2
What is the ten millions digit of 1659889339?
5
What is the hundred thousands digit of 350219939?
2
What is the hundreds digit of 380113782?
7
What is the ten millions digit of 5776247503?
7
What is the tens digit of 769109787?
8
What is the thousands digit of 105009821?
9
What is the thousands digit of 20430789?
0
What is the billions digit of 5160049362?
5
What is the hundred millions digit of 3244020482?
2
What is the thousands digit of 48627771?
7
What is the thousands digit of 608833578?
3
What is the hundred thousands digit of 1263659815?
6
What is the hundred thousands digit of 51642393?
6
What is the tens digit of 242135696?
9
What is the tens digit of 295020434?
3
What is the thousands digit of 1325614097?
4
What is the thousands digit of 93060580?
0
What is the tens digit of 1433365282?
8
What is the hundreds digit of 908774735?
7
What is the thousands digit of 96186900?
6
What is the tens digit of 2074376467?
6
What is the thousands digit of 4206848043?
8
What is the tens digit of 4303127831?
3
What is the billions digit of 2375641419?
2
What is the hundred thousands digit of 14561919?
5
What is the units digit of 6938198?
8
What is the ten thousands digit of 3347429861?
2
What is the hundred thousands digit of 1836190734?
1
What is the billions digit of 1880985911?
1
What is the ten thousands digit of 1370897281?
9
What is the millions digit of 80777105?
0
What is the tens digit of 926379011?
1
What is the ten thousands digit of 43575314?
7
What is the units digit of 3722750642?
2
What is the units digit of 64841069?
9
What is the units digit of 1133994201?
1
What is the hundred millions digit of 926228283?
9
What is the tens digit of 37167377?
7
What is the ten thousands digit of 443992174?
9
What is the hundreds digit of 25792061?
0
What is the hundred millions digit of 403191618?
4
What is the millions digit of 432710380?
2
What is the hundred millions digit of 795149921?
7
What is the hundred thousands digit of 65865767?
8
What is the tens digit of 6011681606?
0
What is the units digit of 24002709?
9
What is the units digit of 1585113063?
3
What is the hundreds digit of 1026359642?
6
What is the thousands digit of 45904446?
4
What is the units digit of 177809146?
6
What is the hundreds digit of 4962931?
9
What is the units digit of 1639530829?
9
What is the millions digit of 949203569?
9
What is the hundred thousands digit of 22280247?
2
What is the millions digit of 4143826?
4
What is the ten millions digit of 1247519128?
4
What is the millions digit of 145825624?
5
What is the hundred millions digit of 4137099183?
1
What is the thousands digit of 75597392?
7
What is the hundred thousands digit of 13678760?
6
What is the units digit of 230148303?
3
What is the hundred thousands digit of 334223081?
2
What is the units digit of 49008175?
5
What is the millions digit of 709630006?
9
What is the billions digit of 2598535399?
2
What is the hundreds digit of 4680655125?
1
What is the millions digit of 147943860?
7
What is the hundreds digit of 2099940850?
8
What is the units digit of 98362936?
6
What is the hundred millions digit of 378740169?
3
What is the ten thousands digit of 4914547690?
4
What is the units digit of 310137351?
1
What is the hundred millions digit of 494187932?
4
What is the millions digit of 97663215?
7
What is the thousands digit of 260731834?
1
What is the hundred millions digit of 561910938?
5
What is the thousands digit of 675845435?
5
What is the millions digit of 76837564?
6
What is the tens digit of 40501263?
6
What is the hundred millions digit of 1889620221?
8
What is the units digit of 4357591092?
2
What is the millions digit of 115738835?
5
What is the units digit of 1392090773?
3
What is the tens digit of 2145975506?
0
What is the hundreds digit of 38903128?
1
What is the ten millions digit of 1260753767?
6
What is the millions digit of 7966468530?
6
What is the thousands digit of 79365